{"id":61,"date":"2025-05-18T16:29:48","date_gmt":"2025-05-18T14:29:48","guid":{"rendered":"https:\/\/www.volamenavanilla.fr\/?post_type=product&#038;p=61"},"modified":"2025-11-23T08:11:50","modified_gmt":"2025-11-23T07:11:50","slug":"gousses-de-vanille-qualite-gourmet","status":"publish","type":"product","link":"https:\/\/www.volamenavanilla.fr\/index.php\/produit\/gousses-de-vanille-qualite-gourmet\/","title":{"rendered":"Gousses de vanille Bourbon &#8211; Qualit\u00e9 Gourmet"},"content":{"rendered":"<p>Lot de 3 gousses de vanille Bourbon de Madagascar de qualit\u00e9 gourmet issues de ma plantation familiale \u00e0 Sambava, connue comme la capitale de la vanille dans la r\u00e9gion Sava \u00e0 Madagascar.<\/p>\n<p>Le terme \u00ab\u00a0gourmet\u00a0\u00bb signifie que la vanille a \u00e9t\u00e9 pr\u00e9par\u00e9e artisanalement dans les r\u00e8gles de l&rsquo;art apr\u00e8s sa r\u00e9colte gr\u00e2ce \u00e0 un savoir-faire ancestral transmis de g\u00e9n\u00e9ration en g\u00e9n\u00e9ration dans la r\u00e9gion Sava, dans le nord est de Madagascar, r\u00e9gion reconnue au niveau mondial dans ce secteur pour la qualit\u00e9 de sa production et fournit \u00e0 elle seule chaque ann\u00e9e 80% de la vanille en gousse disponible dans le monde.<\/p>\n<p>La pr\u00e9paration de la vanille verte requiert entre six et neuf mois afin de lui laisser le temps de d\u00e9velopper cet agr\u00e9able ar\u00f4me riche et complexe sur notes de caramel et de cacao, ce qui en fait l&rsquo;\u00e9pice parfaite pour sublimer desserts et boissons sucr\u00e9es mais aussi plats sal\u00e9s !<\/p>\n<p>Ce processus artisanal rend les gousses souples du fait du taux d&rsquo;humidit\u00e9 qu&rsquo;elles contiennent (autour de 33%). C&rsquo;est pour cette raison que mes gousses sont conditionn\u00e9es sous-vide alimentaire afin de pr\u00e9server sa fra\u00eecheurs et ses ar\u00f4mes.<\/p>\n<p>Les gousses propos\u00e9es sur ce site mesurent entre 16 et 22cm avec une moyenne de 18,5cm avec un poids moyen de 3g par gousse donc environ 10g pour le lot.<\/p>\n<p>Pour utiliser la gousse il suffit de la fendre dans la longueur pour l&rsquo;ouvrir puis gratter les graines afin de les incorporer dans votre pr\u00e9paration. Le reste de la gousse ne se jette pas, on l&rsquo;incorpore en g\u00e9n\u00e9ral \u00e0 la pr\u00e9paration lorsque l&rsquo;on parfume un liquide sinon on la laisser dans du sucre afin d&rsquo;obtenir du sucre vanill\u00e9.<\/p>\n<p>Il y a tellement de combinaisons de recettes possibles avec des gousses de vanille (cr\u00e8me br\u00fbl\u00e9e, riz au lait, \u00eele flottante, bissap, panna cotta, flan&#8230;), je poste quelques id\u00e9es sur Facebook, Instagram et Tiktok donc n&rsquo;h\u00e9sitez \u00e0 suivre le compte Volamena_Vanilla !<\/p>\n","protected":false},"excerpt":{"rendered":"<p>Lot de 3 gousses de vanille Bourbon de Madagascar qualit\u00e9 gourmet.<\/p>\n<p>Taille : entre 16 et 22cm<\/p>\n<p>Poids du lot : 10g<\/p>\n<p>Taux d&rsquo;humidit\u00e9 : 33%<\/p>\n<p>Origine : Madagascar<\/p>\n","protected":false},"featured_media":48,"comment_status":"open","ping_status":"closed","template":"","meta":[],"product_brand":[],"product_cat":[15],"product_tag":[],"class_list":{"0":"post-61","1":"product","2":"type-product","3":"status-publish","4":"has-post-thumbnail","6":"product_cat-non-classe","8":"first","9":"instock","10":"shipping-taxable","11":"purchasable","12":"product-type-simple"},"yoast_head":"<!-- This site is optimized with the Yoast SEO plugin v27.4 - https:\/\/yoast.com\/product\/yoast-seo-wordpress\/ -->\n<title>Gousses de vanille Bourbon - Qualit\u00e9 Gourmet - Volamena Vanilla<\/title>\n<meta name=\"robots\" content=\"index, follow, max-snippet:-1, max-image-preview:large, max-video-preview:-1\" \/>\n<link rel=\"canonical\" href=\"https:\/\/www.volamenavanilla.fr\/index.php\/produit\/gousses-de-vanille-qualite-gourmet\/\" \/>\n<meta property=\"og:locale\" content=\"fr_FR\" \/>\n<meta property=\"og:type\" content=\"article\" \/>\n<meta property=\"og:title\" content=\"Gousses de vanille Bourbon - Qualit\u00e9 Gourmet - Volamena Vanilla\" \/>\n<meta property=\"og:description\" content=\"Lot de 3 gousses de vanille Bourbon de Madagascar qualit\u00e9 gourmet.  Taille : entre 16 et 22cm  Poids du lot : 10g  Taux d&#039;humidit\u00e9 : 33%  Origine : Madagascar\" \/>\n<meta property=\"og:url\" content=\"https:\/\/www.volamenavanilla.fr\/index.php\/produit\/gousses-de-vanille-qualite-gourmet\/\" \/>\n<meta property=\"og:site_name\" content=\"Volamena Vanilla\" \/>\n<meta property=\"article:modified_time\" content=\"2025-11-23T07:11:50+00:00\" \/>\n<meta property=\"og:image\" content=\"https:\/\/www.volamenavanilla.fr\/wp-content\/uploads\/2025\/05\/WhatsApp-Image-2025-04-25-a-21.26.07_e3aa72e5.jpg\" \/>\n\t<meta property=\"og:image:width\" content=\"2048\" \/>\n\t<meta property=\"og:image:height\" content=\"1699\" \/>\n\t<meta property=\"og:image:type\" content=\"image\/jpeg\" \/>\n<meta name=\"twitter:card\" content=\"summary_large_image\" \/>\n<meta name=\"twitter:label1\" content=\"Dur\u00e9e de lecture estim\u00e9e\" \/>\n\t<meta name=\"twitter:data1\" content=\"2 minutes\" \/>\n<script type=\"application\/ld+json\" class=\"yoast-schema-graph\">{\"@context\":\"https:\\\/\\\/schema.org\",\"@graph\":[{\"@type\":\"WebPage\",\"@id\":\"https:\\\/\\\/www.volamenavanilla.fr\\\/index.php\\\/produit\\\/gousses-de-vanille-qualite-gourmet\\\/\",\"url\":\"https:\\\/\\\/www.volamenavanilla.fr\\\/index.php\\\/produit\\\/gousses-de-vanille-qualite-gourmet\\\/\",\"name\":\"Gousses de vanille Bourbon - Qualit\u00e9 Gourmet - Volamena Vanilla\",\"isPartOf\":{\"@id\":\"https:\\\/\\\/www.volamenavanilla.fr\\\/#website\"},\"primaryImageOfPage\":{\"@id\":\"https:\\\/\\\/www.volamenavanilla.fr\\\/index.php\\\/produit\\\/gousses-de-vanille-qualite-gourmet\\\/#primaryimage\"},\"image\":{\"@id\":\"https:\\\/\\\/www.volamenavanilla.fr\\\/index.php\\\/produit\\\/gousses-de-vanille-qualite-gourmet\\\/#primaryimage\"},\"thumbnailUrl\":\"https:\\\/\\\/www.volamenavanilla.fr\\\/wp-content\\\/uploads\\\/2025\\\/05\\\/WhatsApp-Image-2025-04-25-a-21.26.07_e3aa72e5.jpg\",\"datePublished\":\"2025-05-18T14:29:48+00:00\",\"dateModified\":\"2025-11-23T07:11:50+00:00\",\"breadcrumb\":{\"@id\":\"https:\\\/\\\/www.volamenavanilla.fr\\\/index.php\\\/produit\\\/gousses-de-vanille-qualite-gourmet\\\/#breadcrumb\"},\"inLanguage\":\"fr-FR\",\"potentialAction\":[{\"@type\":\"ReadAction\",\"target\":[\"https:\\\/\\\/www.volamenavanilla.fr\\\/index.php\\\/produit\\\/gousses-de-vanille-qualite-gourmet\\\/\"]}]},{\"@type\":\"ImageObject\",\"inLanguage\":\"fr-FR\",\"@id\":\"https:\\\/\\\/www.volamenavanilla.fr\\\/index.php\\\/produit\\\/gousses-de-vanille-qualite-gourmet\\\/#primaryimage\",\"url\":\"https:\\\/\\\/www.volamenavanilla.fr\\\/wp-content\\\/uploads\\\/2025\\\/05\\\/WhatsApp-Image-2025-04-25-a-21.26.07_e3aa72e5.jpg\",\"contentUrl\":\"https:\\\/\\\/www.volamenavanilla.fr\\\/wp-content\\\/uploads\\\/2025\\\/05\\\/WhatsApp-Image-2025-04-25-a-21.26.07_e3aa72e5.jpg\",\"width\":2048,\"height\":1699},{\"@type\":\"BreadcrumbList\",\"@id\":\"https:\\\/\\\/www.volamenavanilla.fr\\\/index.php\\\/produit\\\/gousses-de-vanille-qualite-gourmet\\\/#breadcrumb\",\"itemListElement\":[{\"@type\":\"ListItem\",\"position\":1,\"name\":\"Accueil\",\"item\":\"https:\\\/\\\/www.volamenavanilla.fr\\\/\"},{\"@type\":\"ListItem\",\"position\":2,\"name\":\"Boutique\",\"item\":\"https:\\\/\\\/www.volamenavanilla.fr\\\/index.php\\\/boutique\\\/\"},{\"@type\":\"ListItem\",\"position\":3,\"name\":\"Gousses de vanille Bourbon &#8211; Qualit\u00e9 Gourmet\"}]},{\"@type\":\"WebSite\",\"@id\":\"https:\\\/\\\/www.volamenavanilla.fr\\\/#website\",\"url\":\"https:\\\/\\\/www.volamenavanilla.fr\\\/\",\"name\":\"Volamena Vanilla\",\"description\":\"Vanille de Madagascar\",\"publisher\":{\"@id\":\"https:\\\/\\\/www.volamenavanilla.fr\\\/#organization\"},\"potentialAction\":[{\"@type\":\"SearchAction\",\"target\":{\"@type\":\"EntryPoint\",\"urlTemplate\":\"https:\\\/\\\/www.volamenavanilla.fr\\\/?s={search_term_string}\"},\"query-input\":{\"@type\":\"PropertyValueSpecification\",\"valueRequired\":true,\"valueName\":\"search_term_string\"}}],\"inLanguage\":\"fr-FR\"},{\"@type\":\"Organization\",\"@id\":\"https:\\\/\\\/www.volamenavanilla.fr\\\/#organization\",\"name\":\"Volamena Vanilla\",\"url\":\"https:\\\/\\\/www.volamenavanilla.fr\\\/\",\"logo\":{\"@type\":\"ImageObject\",\"inLanguage\":\"fr-FR\",\"@id\":\"https:\\\/\\\/www.volamenavanilla.fr\\\/#\\\/schema\\\/logo\\\/image\\\/\",\"url\":\"https:\\\/\\\/www.volamenavanilla.fr\\\/wp-content\\\/uploads\\\/2025\\\/05\\\/Design-sans-titre-2.png\",\"contentUrl\":\"https:\\\/\\\/www.volamenavanilla.fr\\\/wp-content\\\/uploads\\\/2025\\\/05\\\/Design-sans-titre-2.png\",\"width\":500,\"height\":500,\"caption\":\"Volamena Vanilla\"},\"image\":{\"@id\":\"https:\\\/\\\/www.volamenavanilla.fr\\\/#\\\/schema\\\/logo\\\/image\\\/\"}}]}<\/script>\n<!-- \/ Yoast SEO plugin. -->","yoast_head_json":{"title":"Gousses de vanille Bourbon - Qualit\u00e9 Gourmet - Volamena Vanilla","robots":{"index":"index","follow":"follow","max-snippet":"max-snippet:-1","max-image-preview":"max-image-preview:large","max-video-preview":"max-video-preview:-1"},"canonical":"https:\/\/www.volamenavanilla.fr\/index.php\/produit\/gousses-de-vanille-qualite-gourmet\/","og_locale":"fr_FR","og_type":"article","og_title":"Gousses de vanille Bourbon - Qualit\u00e9 Gourmet - Volamena Vanilla","og_description":"Lot de 3 gousses de vanille Bourbon de Madagascar qualit\u00e9 gourmet.  Taille : entre 16 et 22cm  Poids du lot : 10g  Taux d'humidit\u00e9 : 33%  Origine : Madagascar","og_url":"https:\/\/www.volamenavanilla.fr\/index.php\/produit\/gousses-de-vanille-qualite-gourmet\/","og_site_name":"Volamena Vanilla","article_modified_time":"2025-11-23T07:11:50+00:00","og_image":[{"width":2048,"height":1699,"url":"https:\/\/www.volamenavanilla.fr\/wp-content\/uploads\/2025\/05\/WhatsApp-Image-2025-04-25-a-21.26.07_e3aa72e5.jpg","type":"image\/jpeg"}],"twitter_card":"summary_large_image","twitter_misc":{"Dur\u00e9e de lecture estim\u00e9e":"2 minutes"},"schema":{"@context":"https:\/\/schema.org","@graph":[{"@type":"WebPage","@id":"https:\/\/www.volamenavanilla.fr\/index.php\/produit\/gousses-de-vanille-qualite-gourmet\/","url":"https:\/\/www.volamenavanilla.fr\/index.php\/produit\/gousses-de-vanille-qualite-gourmet\/","name":"Gousses de vanille Bourbon - Qualit\u00e9 Gourmet - Volamena Vanilla","isPartOf":{"@id":"https:\/\/www.volamenavanilla.fr\/#website"},"primaryImageOfPage":{"@id":"https:\/\/www.volamenavanilla.fr\/index.php\/produit\/gousses-de-vanille-qualite-gourmet\/#primaryimage"},"image":{"@id":"https:\/\/www.volamenavanilla.fr\/index.php\/produit\/gousses-de-vanille-qualite-gourmet\/#primaryimage"},"thumbnailUrl":"https:\/\/www.volamenavanilla.fr\/wp-content\/uploads\/2025\/05\/WhatsApp-Image-2025-04-25-a-21.26.07_e3aa72e5.jpg","datePublished":"2025-05-18T14:29:48+00:00","dateModified":"2025-11-23T07:11:50+00:00","breadcrumb":{"@id":"https:\/\/www.volamenavanilla.fr\/index.php\/produit\/gousses-de-vanille-qualite-gourmet\/#breadcrumb"},"inLanguage":"fr-FR","potentialAction":[{"@type":"ReadAction","target":["https:\/\/www.volamenavanilla.fr\/index.php\/produit\/gousses-de-vanille-qualite-gourmet\/"]}]},{"@type":"ImageObject","inLanguage":"fr-FR","@id":"https:\/\/www.volamenavanilla.fr\/index.php\/produit\/gousses-de-vanille-qualite-gourmet\/#primaryimage","url":"https:\/\/www.volamenavanilla.fr\/wp-content\/uploads\/2025\/05\/WhatsApp-Image-2025-04-25-a-21.26.07_e3aa72e5.jpg","contentUrl":"https:\/\/www.volamenavanilla.fr\/wp-content\/uploads\/2025\/05\/WhatsApp-Image-2025-04-25-a-21.26.07_e3aa72e5.jpg","width":2048,"height":1699},{"@type":"BreadcrumbList","@id":"https:\/\/www.volamenavanilla.fr\/index.php\/produit\/gousses-de-vanille-qualite-gourmet\/#breadcrumb","itemListElement":[{"@type":"ListItem","position":1,"name":"Accueil","item":"https:\/\/www.volamenavanilla.fr\/"},{"@type":"ListItem","position":2,"name":"Boutique","item":"https:\/\/www.volamenavanilla.fr\/index.php\/boutique\/"},{"@type":"ListItem","position":3,"name":"Gousses de vanille Bourbon &#8211; Qualit\u00e9 Gourmet"}]},{"@type":"WebSite","@id":"https:\/\/www.volamenavanilla.fr\/#website","url":"https:\/\/www.volamenavanilla.fr\/","name":"Volamena Vanilla","description":"Vanille de Madagascar","publisher":{"@id":"https:\/\/www.volamenavanilla.fr\/#organization"},"potentialAction":[{"@type":"SearchAction","target":{"@type":"EntryPoint","urlTemplate":"https:\/\/www.volamenavanilla.fr\/?s={search_term_string}"},"query-input":{"@type":"PropertyValueSpecification","valueRequired":true,"valueName":"search_term_string"}}],"inLanguage":"fr-FR"},{"@type":"Organization","@id":"https:\/\/www.volamenavanilla.fr\/#organization","name":"Volamena Vanilla","url":"https:\/\/www.volamenavanilla.fr\/","logo":{"@type":"ImageObject","inLanguage":"fr-FR","@id":"https:\/\/www.volamenavanilla.fr\/#\/schema\/logo\/image\/","url":"https:\/\/www.volamenavanilla.fr\/wp-content\/uploads\/2025\/05\/Design-sans-titre-2.png","contentUrl":"https:\/\/www.volamenavanilla.fr\/wp-content\/uploads\/2025\/05\/Design-sans-titre-2.png","width":500,"height":500,"caption":"Volamena Vanilla"},"image":{"@id":"https:\/\/www.volamenavanilla.fr\/#\/schema\/logo\/image\/"}}]}},"jetpack_sharing_enabled":true,"_links":{"self":[{"href":"https:\/\/www.volamenavanilla.fr\/index.php\/wp-json\/wp\/v2\/product\/61","targetHints":{"allow":["GET"]}}],"collection":[{"href":"https:\/\/www.volamenavanilla.fr\/index.php\/wp-json\/wp\/v2\/product"}],"about":[{"href":"https:\/\/www.volamenavanilla.fr\/index.php\/wp-json\/wp\/v2\/types\/product"}],"replies":[{"embeddable":true,"href":"https:\/\/www.volamenavanilla.fr\/index.php\/wp-json\/wp\/v2\/comments?post=61"}],"wp:featuredmedia":[{"embeddable":true,"href":"https:\/\/www.volamenavanilla.fr\/index.php\/wp-json\/wp\/v2\/media\/48"}],"wp:attachment":[{"href":"https:\/\/www.volamenavanilla.fr\/index.php\/wp-json\/wp\/v2\/media?parent=61"}],"wp:term":[{"taxonomy":"product_brand","embeddable":true,"href":"https:\/\/www.volamenavanilla.fr\/index.php\/wp-json\/wp\/v2\/product_brand?post=61"},{"taxonomy":"product_cat","embeddable":true,"href":"https:\/\/www.volamenavanilla.fr\/index.php\/wp-json\/wp\/v2\/product_cat?post=61"},{"taxonomy":"product_tag","embeddable":true,"href":"https:\/\/www.volamenavanilla.fr\/index.php\/wp-json\/wp\/v2\/product_tag?post=61"}],"curies":[{"name":"wp","href":"https:\/\/api.w.org\/{rel}","templated":true}]}}