{"id":17,"date":"2025-05-18T17:42:43","date_gmt":"2025-05-18T15:42:43","guid":{"rendered":"https:\/\/www.volamenavanilla.fr\/?page_id=17"},"modified":"2025-05-18T17:42:43","modified_gmt":"2025-05-18T15:42:43","slug":"mentions-legales","status":"publish","type":"page","link":"https:\/\/www.volamenavanilla.fr\/index.php\/mentions-legales\/","title":{"rendered":"Mentions l\u00e9gales"},"content":{"rendered":"\n<p><strong><mark style=\"background-color:rgba(0, 0, 0, 0);color:#ffffff\" class=\"has-inline-color\">1. \u00c9diteur du site :<\/mark><\/strong><\/p>\n\n\n\n<p>Le site volamenavanilla.fr est \u00e9dit\u00e9 par :<\/p>\n\n\n\n<ul class=\"wp-block-list\">\n<li><strong>Nom de l\u2019entreprise<\/strong>\u00a0: Volamena Vanilla<\/li>\n\n\n\n<li><strong>Forme juridique<\/strong>\u00a0: Entreprise Individuelle<\/li>\n\n\n\n<li><strong>RCS<\/strong>\u00a0: 941 785 941 R.C.S. Draguignan<\/li>\n\n\n\n<li><strong>Adresse<\/strong>\u00a0: 4 Place Jean Mermoz, 83470 Saint-Maximin-la-Sainte-Baume<\/li>\n\n\n\n<li><strong>T\u00e9l\u00e9phone<\/strong>\u00a0: +33 6 31 56 86 61<\/li>\n\n\n\n<li><strong>E-mail<\/strong>\u00a0: victor.wojnowski@volamenavanilla.fr<\/li>\n<\/ul>\n\n\n\n<p><strong><mark style=\"background-color:rgba(0, 0, 0, 0);color:#ffffff\" class=\"has-inline-color\">2. Directeur de la publication :<\/mark><\/strong><\/p>\n\n\n\n<p>Le directeur de la publication est : Victor Wojnowski<\/p>\n\n\n\n<p><strong><mark style=\"background-color:rgba(0, 0, 0, 0);color:#ffffff\" class=\"has-inline-color\">3. H\u00e9bergement du site :<\/mark><\/strong><\/p>\n\n\n\n<p>Le site volamenavanilla.fr est h\u00e9berg\u00e9 par :<\/p>\n\n\n\n<ul class=\"wp-block-list\">\n<li><strong>Nom de l\u2019h\u00e9bergeur<\/strong>\u00a0: OVH<\/li>\n\n\n\n<li><strong>Adresse<\/strong>\u00a0: 2 Rue Kellermann, 59100 Roubaix, France<\/li>\n\n\n\n<li><strong>T\u00e9l\u00e9phone<\/strong>\u00a0: +33 (0)9 72 10 10 07<\/li>\n\n\n\n<li><strong>Site web<\/strong>\u00a0:\u00a0<a href=\"https:\/\/www.ovhcloud.com\/fr\/\">https:\/\/www.ovhcloud.com\/fr\/<\/a><\/li>\n<\/ul>\n\n\n\n<p><strong><mark style=\"background-color:rgba(0, 0, 0, 0);color:#ffffff\" class=\"has-inline-color\">4. Protection des donn\u00e9es personnelles :<\/mark><\/strong><\/p>\n\n\n\n<p>Conform\u00e9ment \u00e0 la l\u00e9gislation en vigueur, nous nous engageons \u00e0 prot\u00e9ger la vie priv\u00e9e des utilisateurs du site. Nous collectons des donn\u00e9es personnelles uniquement dans le cadre de l\u2019utilisation de nos services. Vous pouvez consulter notre&nbsp;<a href=\"http:\/\/www.volamenavanilla.fr\/politique-de-confidentialite\/\">politique de confidentialit\u00e9<\/a>&nbsp;pour obtenir des informations d\u00e9taill\u00e9es sur la collecte, le traitement et la protection de vos donn\u00e9es.<\/p>\n\n\n\n<p><strong><mark style=\"background-color:rgba(0, 0, 0, 0);color:#ffffff\" class=\"has-inline-color\">5. Propri\u00e9t\u00e9 intellectuelle :<\/mark><\/strong><\/p>\n\n\n\n<p>L\u2019ensemble des contenus pr\u00e9sents sur le site volamenavanilla.fr (textes, images, logos, vid\u00e9os, etc.) est prot\u00e9g\u00e9 par des droits d\u2019auteur et ne peut \u00eatre reproduit, distribu\u00e9 ou utilis\u00e9 sans l\u2019autorisation pr\u00e9alable de l\u2019\u00e9diteur du site.<\/p>\n\n\n\n<p><strong><mark style=\"background-color:rgba(0, 0, 0, 0);color:#ffffff\" class=\"has-inline-color\">6. Conditions g\u00e9n\u00e9rales de vente (CGV) :<\/mark><\/strong><\/p>\n\n\n\n<p>Les conditions g\u00e9n\u00e9rales de vente s\u2019appliquent \u00e0 toutes les transactions effectu\u00e9es sur ce site. Vous pouvez consulter nos CGV ici :&nbsp;<a href=\"http:\/\/www.volamenavanilla.fr\/conditions-generales-de-vente\/\">conditions g\u00e9n\u00e9rales de vente<\/a><\/p>\n","protected":false},"excerpt":{"rendered":"<p>1. \u00c9diteur du site : Le site volamenavanilla.fr est \u00e9dit\u00e9 par : 2. Directeur de la publication : Le directeur de la publication est : Victor Wojnowski 3. H\u00e9bergement du site : Le site volamenavanilla.fr est h\u00e9berg\u00e9 par : 4. Protection des donn\u00e9es personnelles : Conform\u00e9ment \u00e0 la l\u00e9gislation en vigueur, nous nous engageons \u00e0 [&hellip;]<\/p>\n","protected":false},"author":1,"featured_media":0,"parent":0,"menu_order":0,"comment_status":"closed","ping_status":"closed","template":"","meta":{"footnotes":""},"class_list":["post-17","page","type-page","status-publish","hentry"],"yoast_head":"<!-- This site is optimized with the Yoast SEO plugin v27.4 - https:\/\/yoast.com\/product\/yoast-seo-wordpress\/ -->\n<title>Mentions l\u00e9gales - Volamena Vanilla<\/title>\n<meta name=\"robots\" content=\"index, follow, max-snippet:-1, max-image-preview:large, max-video-preview:-1\" \/>\n<link rel=\"canonical\" href=\"https:\/\/www.volamenavanilla.fr\/index.php\/mentions-legales\/\" \/>\n<meta property=\"og:locale\" content=\"fr_FR\" \/>\n<meta property=\"og:type\" content=\"article\" \/>\n<meta property=\"og:title\" content=\"Mentions l\u00e9gales - Volamena Vanilla\" \/>\n<meta property=\"og:description\" content=\"1. \u00c9diteur du site : Le site volamenavanilla.fr est \u00e9dit\u00e9 par : 2. Directeur de la publication : Le directeur de la publication est : Victor Wojnowski 3. H\u00e9bergement du site : Le site volamenavanilla.fr est h\u00e9berg\u00e9 par : 4. Protection des donn\u00e9es personnelles : Conform\u00e9ment \u00e0 la l\u00e9gislation en vigueur, nous nous engageons \u00e0 [&hellip;]\" \/>\n<meta property=\"og:url\" content=\"https:\/\/www.volamenavanilla.fr\/index.php\/mentions-legales\/\" \/>\n<meta property=\"og:site_name\" content=\"Volamena Vanilla\" \/>\n<meta name=\"twitter:card\" content=\"summary_large_image\" \/>\n<meta name=\"twitter:label1\" content=\"Dur\u00e9e de lecture estim\u00e9e\" \/>\n\t<meta name=\"twitter:data1\" content=\"1 minute\" \/>\n<script type=\"application\/ld+json\" class=\"yoast-schema-graph\">{\"@context\":\"https:\\\/\\\/schema.org\",\"@graph\":[{\"@type\":\"WebPage\",\"@id\":\"https:\\\/\\\/www.volamenavanilla.fr\\\/index.php\\\/mentions-legales\\\/\",\"url\":\"https:\\\/\\\/www.volamenavanilla.fr\\\/index.php\\\/mentions-legales\\\/\",\"name\":\"Mentions l\u00e9gales - Volamena Vanilla\",\"isPartOf\":{\"@id\":\"https:\\\/\\\/www.volamenavanilla.fr\\\/#website\"},\"datePublished\":\"2025-05-18T15:42:43+00:00\",\"breadcrumb\":{\"@id\":\"https:\\\/\\\/www.volamenavanilla.fr\\\/index.php\\\/mentions-legales\\\/#breadcrumb\"},\"inLanguage\":\"fr-FR\",\"potentialAction\":[{\"@type\":\"ReadAction\",\"target\":[\"https:\\\/\\\/www.volamenavanilla.fr\\\/index.php\\\/mentions-legales\\\/\"]}]},{\"@type\":\"BreadcrumbList\",\"@id\":\"https:\\\/\\\/www.volamenavanilla.fr\\\/index.php\\\/mentions-legales\\\/#breadcrumb\",\"itemListElement\":[{\"@type\":\"ListItem\",\"position\":1,\"name\":\"Accueil\",\"item\":\"https:\\\/\\\/www.volamenavanilla.fr\\\/\"},{\"@type\":\"ListItem\",\"position\":2,\"name\":\"Mentions l\u00e9gales\"}]},{\"@type\":\"WebSite\",\"@id\":\"https:\\\/\\\/www.volamenavanilla.fr\\\/#website\",\"url\":\"https:\\\/\\\/www.volamenavanilla.fr\\\/\",\"name\":\"Volamena Vanilla\",\"description\":\"Vanille de Madagascar\",\"publisher\":{\"@id\":\"https:\\\/\\\/www.volamenavanilla.fr\\\/#organization\"},\"potentialAction\":[{\"@type\":\"SearchAction\",\"target\":{\"@type\":\"EntryPoint\",\"urlTemplate\":\"https:\\\/\\\/www.volamenavanilla.fr\\\/?s={search_term_string}\"},\"query-input\":{\"@type\":\"PropertyValueSpecification\",\"valueRequired\":true,\"valueName\":\"search_term_string\"}}],\"inLanguage\":\"fr-FR\"},{\"@type\":\"Organization\",\"@id\":\"https:\\\/\\\/www.volamenavanilla.fr\\\/#organization\",\"name\":\"Volamena Vanilla\",\"url\":\"https:\\\/\\\/www.volamenavanilla.fr\\\/\",\"logo\":{\"@type\":\"ImageObject\",\"inLanguage\":\"fr-FR\",\"@id\":\"https:\\\/\\\/www.volamenavanilla.fr\\\/#\\\/schema\\\/logo\\\/image\\\/\",\"url\":\"https:\\\/\\\/www.volamenavanilla.fr\\\/wp-content\\\/uploads\\\/2025\\\/05\\\/Design-sans-titre-2.png\",\"contentUrl\":\"https:\\\/\\\/www.volamenavanilla.fr\\\/wp-content\\\/uploads\\\/2025\\\/05\\\/Design-sans-titre-2.png\",\"width\":500,\"height\":500,\"caption\":\"Volamena Vanilla\"},\"image\":{\"@id\":\"https:\\\/\\\/www.volamenavanilla.fr\\\/#\\\/schema\\\/logo\\\/image\\\/\"}}]}<\/script>\n<!-- \/ Yoast SEO plugin. -->","yoast_head_json":{"title":"Mentions l\u00e9gales - Volamena Vanilla","robots":{"index":"index","follow":"follow","max-snippet":"max-snippet:-1","max-image-preview":"max-image-preview:large","max-video-preview":"max-video-preview:-1"},"canonical":"https:\/\/www.volamenavanilla.fr\/index.php\/mentions-legales\/","og_locale":"fr_FR","og_type":"article","og_title":"Mentions l\u00e9gales - Volamena Vanilla","og_description":"1. \u00c9diteur du site : Le site volamenavanilla.fr est \u00e9dit\u00e9 par : 2. Directeur de la publication : Le directeur de la publication est : Victor Wojnowski 3. H\u00e9bergement du site : Le site volamenavanilla.fr est h\u00e9berg\u00e9 par : 4. Protection des donn\u00e9es personnelles : Conform\u00e9ment \u00e0 la l\u00e9gislation en vigueur, nous nous engageons \u00e0 [&hellip;]","og_url":"https:\/\/www.volamenavanilla.fr\/index.php\/mentions-legales\/","og_site_name":"Volamena Vanilla","twitter_card":"summary_large_image","twitter_misc":{"Dur\u00e9e de lecture estim\u00e9e":"1 minute"},"schema":{"@context":"https:\/\/schema.org","@graph":[{"@type":"WebPage","@id":"https:\/\/www.volamenavanilla.fr\/index.php\/mentions-legales\/","url":"https:\/\/www.volamenavanilla.fr\/index.php\/mentions-legales\/","name":"Mentions l\u00e9gales - Volamena Vanilla","isPartOf":{"@id":"https:\/\/www.volamenavanilla.fr\/#website"},"datePublished":"2025-05-18T15:42:43+00:00","breadcrumb":{"@id":"https:\/\/www.volamenavanilla.fr\/index.php\/mentions-legales\/#breadcrumb"},"inLanguage":"fr-FR","potentialAction":[{"@type":"ReadAction","target":["https:\/\/www.volamenavanilla.fr\/index.php\/mentions-legales\/"]}]},{"@type":"BreadcrumbList","@id":"https:\/\/www.volamenavanilla.fr\/index.php\/mentions-legales\/#breadcrumb","itemListElement":[{"@type":"ListItem","position":1,"name":"Accueil","item":"https:\/\/www.volamenavanilla.fr\/"},{"@type":"ListItem","position":2,"name":"Mentions l\u00e9gales"}]},{"@type":"WebSite","@id":"https:\/\/www.volamenavanilla.fr\/#website","url":"https:\/\/www.volamenavanilla.fr\/","name":"Volamena Vanilla","description":"Vanille de Madagascar","publisher":{"@id":"https:\/\/www.volamenavanilla.fr\/#organization"},"potentialAction":[{"@type":"SearchAction","target":{"@type":"EntryPoint","urlTemplate":"https:\/\/www.volamenavanilla.fr\/?s={search_term_string}"},"query-input":{"@type":"PropertyValueSpecification","valueRequired":true,"valueName":"search_term_string"}}],"inLanguage":"fr-FR"},{"@type":"Organization","@id":"https:\/\/www.volamenavanilla.fr\/#organization","name":"Volamena Vanilla","url":"https:\/\/www.volamenavanilla.fr\/","logo":{"@type":"ImageObject","inLanguage":"fr-FR","@id":"https:\/\/www.volamenavanilla.fr\/#\/schema\/logo\/image\/","url":"https:\/\/www.volamenavanilla.fr\/wp-content\/uploads\/2025\/05\/Design-sans-titre-2.png","contentUrl":"https:\/\/www.volamenavanilla.fr\/wp-content\/uploads\/2025\/05\/Design-sans-titre-2.png","width":500,"height":500,"caption":"Volamena Vanilla"},"image":{"@id":"https:\/\/www.volamenavanilla.fr\/#\/schema\/logo\/image\/"}}]}},"jetpack_sharing_enabled":true,"amp_enabled":true,"_links":{"self":[{"href":"https:\/\/www.volamenavanilla.fr\/index.php\/wp-json\/wp\/v2\/pages\/17","targetHints":{"allow":["GET"]}}],"collection":[{"href":"https:\/\/www.volamenavanilla.fr\/index.php\/wp-json\/wp\/v2\/pages"}],"about":[{"href":"https:\/\/www.volamenavanilla.fr\/index.php\/wp-json\/wp\/v2\/types\/page"}],"author":[{"embeddable":true,"href":"https:\/\/www.volamenavanilla.fr\/index.php\/wp-json\/wp\/v2\/users\/1"}],"replies":[{"embeddable":true,"href":"https:\/\/www.volamenavanilla.fr\/index.php\/wp-json\/wp\/v2\/comments?post=17"}],"version-history":[{"count":1,"href":"https:\/\/www.volamenavanilla.fr\/index.php\/wp-json\/wp\/v2\/pages\/17\/revisions"}],"predecessor-version":[{"id":85,"href":"https:\/\/www.volamenavanilla.fr\/index.php\/wp-json\/wp\/v2\/pages\/17\/revisions\/85"}],"wp:attachment":[{"href":"https:\/\/www.volamenavanilla.fr\/index.php\/wp-json\/wp\/v2\/media?parent=17"}],"curies":[{"name":"wp","href":"https:\/\/api.w.org\/{rel}","templated":true}]}}